w) = -26*w + 1. Let v be x(-1). Let a(n) = 3*n**2 + 4*n + 6. Let f be a(-4). Let y = f - v. Calculate the remainder when 20 is divided by y.
9
Let k = -26 + 51. What is the remainder when k is divided by (1 - 2) + 28/2?
12
Let i = -103 + 145. What is the remainder when i is divided by 8/(-56) - (-1)/(21/318)?
12
Calculate the remainder when 492/5 - 32/80 is divided by 34.
30
Let l(m) = -17*m - 2. Let j(x) = x**3 + 7*x**2 - 4*x - 15. What is the remainder when l(-3) is divided by j(-7)?
10
Suppose -3*x + 72 = x. What is the remainder when x is divided by 5?
3
What is the remainder when (-1710)/(-36) + 2/(-4) is divided by 25?
22
Let x(w) = 8*w**2 - 2*w - 1. Let u be x(-1). Let q(r) = 3*r - 5. Calculate the remainder when (-98)/(u/3 + -5) is divided by q(6).
10
Calculate the remainder when 28 is divided by (-72)/(-7) + 4/(-14).
8
Let a = 4 + -5. Let d = a - -3. Suppose 3*m = -d*m + 10. What is the remainder when m is divided by 2?
0
Let r(b) = 4*b**2 + 2*b + 8. Let v be r(4). Let d = -39 + v. What is the remainder when d is divided by 11?
8
Suppose 0 = -z - h + 28, -z - 5*h - 180 = -6*z. What is the remainder when z is divided by 11?
10
Suppose -203 = -2*f + 43. Suppose 4*a = -23 + f. Suppose -11 = -w + 4*v + 14, -2*v - 19 = -w. What is the remainder when a is divided by w?
12
Suppose -23 = 4*f + 3*b - 71, 2*f = -5*b + 24. What is the remainder when 22 is divided by f?
10
Let d(s) = -s**2 - s + 40. Let o = 40 - 26. What is the remainder when d(0) is divided by o?
12
Let w be (-2 - 1 - -2)*-3. Suppose q - d - 5 = 0, 0*d = -4*q + w*d + 16. What is the remainder when 3 is divided by 2 + q + -4 + 2?
0
Calculate the remainder when 29 is divided by 12/(-6) + (-32)/(-4).
5
Let h = 5 + 14. Let z = 277 - 169. Suppose -6*n + 3*n + z = 0. What is the remainder when n is divided by h?
17
Let z = 25 - -23. Calculate the remainder when z is divided by 20.
8
Let y be 44*1 - (3 + -4). Suppose -4*o + y = o. What is the remainder when 16 is divided by o?
7
Let n = -137 + 194. Let c(i) = -i**3 + 12*i**2 + 31*i - 13. Calculate the remainder when n is divided by c(14).
28
Let z be 0*((-8)/6 + 1). Suppose 2*g - 110 = -2*k - z*g, 3*k = -2*g + 165. Calculate the remainder when k is divided by 29.
26
Suppose 5*m + 14 + 21 = 0. Suppose 2*p - 42 = -0*p + 4*w, 5*p - 3*w = 91. What is the remainder when p is divided by (-43)/m + (-2)/14?
5
Suppose -4*i = 6 - 2. Let v = 3 - i. Suppose 3*s - 2 = 25. Calculate the remainder when s is divided by v.
1
Suppose k + 6 + 4 = 0. Calculate the remainder when -5 + 6 + (-1 - k) is divided by 6.
4
Let m be 3/(9/12) + -2. Suppose m*z + 2 - 16 = 0. Suppose 2*x - 73 = z. What is the remainder when x is divided by 14?
12
Suppose -92 = -4*h - 5*f, h - f + 46 = 3*h. Suppose -2*a - 10 = -26. What is the remainder when h is divided by a?
7
Let f(r) = 3 - 5 + 4*r - 2. Let q be f(8). Suppose -2*u - d = -6*d - q, 0 = -4*u + 4*d + 44. Calculate the remainder when 25 is divided by u.
7
Suppose -32 - 45 = -f. What is the remainder when f is divided by 20?
17
Let j = -42 - -81. Calculate the remainder when 52 is divided by j.
13
Let m(b) = -4*b**3 - 1. Let r be m(-1). Suppose 0 = -0*x + r*x - 33. Calculate the remainder when x is divided by 3.
2
Suppose -3*p = 2*p. Suppose p = c + 2*l - 17, -c + l - 2 + 19 = 0. Let b(u) = 12*u**2 - 2*u - 2. Calculate the remainder when b(-2) is divided by c.
16
Suppose 0 = 4*i - 3*x - 3, 2*x + 1 = 3*i + x. Suppose -2*u - q - 2*q + 145 = 0, i = -2*u - 5*q + 139. What is the remainder when u is divided by 20?
17
Suppose 0 = 14*u - u - 416. Calculate the remainder when 89 is divided by u.
25
Let v = 5 - -4. What is the remainder when 19 + 0/(-5) - -5 is divided by v?
6
Let z(m) = m - 1. Let g = 0 - -10. Calculate the remainder when g is divided by z(5).
2
Let y(a) = -a + 5. Calculate the remainder when 14 is divided by y(-3).
6
Let a(f) = -f + 3. Let q be a(3). Suppose u - 4 = -q*u - m, -14 = -u + 4*m. Calculate the remainder when 22 is divided by u.
4
Let g be (-1)/(-4) + (-15)/(-4). Suppose g*s - 8 = 16. Suppose -4*u - s = -5*v - 6*u, 16 = 4*v - 4*u. What is the remainder when 2 is divided by v?
0
Let k(p) = 2*p + 80. Let s(f) = -2*f**2. Let x be s(-2). Let u = x + 13. Calculate the remainder when k(-36) is divided by u.
3
Suppose 4*b = -3*k - 59 + 286, -k - 3 = 0. Calculate the remainder when b is divided by 12.
11
Suppose -4*w - 3*r + 155 = 0, 7*r - 2*r + 15 = 0. Let t(v) = -v**2 + 10*v + 5. Calculate the remainder when w is divided by t(9).
13
Suppose -3 = n - 3*s, 3*s + 9 = 3*n - 12. Suppose -2*x = -0*x + y - n, 0 = -y - 4. Calculate the remainder when 22 is divided by x.
6
Suppose 0*k + 5*k = 25. Calculate the remainder when k is divided by (-3)/5*-5 + -5 + 5.
2
Suppose h = 6*h - 20. Calculate the remainder when 13 is divided by (h/6)/(4/30).
3
Calculate the remainder when 75 is divided by -1 - -1*(-3)/(3/(-14)).
10
What is the remainder when 21 is divided by (8/(-16))/((-1)/12)?
3
Suppose 0 = -3*g - 0*g - 12. Let u be (-2 - (2 - 5))/(-1). What is the remainder when 4 is divided by (g + 2 + 0)*u?
0
What is the remainder when (-5 - -2 - (-6 - -2))*75 is divided by 19?
18
Let r(q) = -2*q + 2. Let u be r(-4). Suppose -k - 3 = -0. Calculate the remainder when 38 is divided by (-10)/k*(u - 4).
18
Suppose 5*z = 5*l - 12 - 28, 24 = l + 3*z. Suppose 56 = 2*q - 3*q. Let d = q - -89. Calculate the remainder when d is divided by l.
9
Suppose 2*i - 10 = 28. What is the remainder when 75 is divided by i?
18
Let x(a) = a**3 - 4*a**2 + 3*a + 3. What is the remainder when 27 is divided by x(4)?
12
Let m(r) = r**3 + 6*r**2 + 7. Suppose 0 = d + 6 - 0. Calculate the remainder when m(d) is divided by 3.
1
Let l = -6 - -61. Let p = l + -38. Let d(w) = -w**3 - 14*w**2 + 15*w + 6. Calculate the remainder when p is divided by d(-15).
5
Let u(j) = 3*j - 2. What is the remainder when -2*(10/(-6))/(24/180) is divided by u(5)?
12
Let z(u) = 3*u**2 + 3*u - 1. Let k be z(4). Let y = 111 - k. What is the remainder when y is divided by 27?
25
Let p be 2 + -2 + 0 - -27. Suppose -4*r + r - p = 3*x, -4*x + 5*r - 63 = 0. Let u = -9 - x. Calculate the remainder when 9 is divided by u.
0
Suppose -4*i + i + 141 = 0. What is the remainder when i is divided by 8?
7
Suppose -3*w + 4*o + 285 = 2*w, -4*w + 228 = -2*o. Suppose 48 = 3*a + m, 2*m + 28 + 41 = 5*a. Calculate the remainder when w is divided by a.
12
Let r(n) = n**2 - n. Let u(x) = 2*x**2 - 10*x - 1. Let i(a) = -3*r(a) + u(a). Let q be i(-7). Calculate the remainder when 4 + 2/q - -21 is divided by 8.
7
Let k = -350 - -222. Calculate the remainder when 10/(-35) - k/7 is divided by 10.
8
Let n(p) = -p**3 - 12*p**2 - 13*p - 4. Let o be n(-11). Suppose -5*j = -3*k + 73, -3*k = -2*j - 76 + o. What is the remainder when 62 is divided by k?
14
Suppose 2*a - 28 = -3*q + 4*a, 5*q - a = 42. What is the remainder when 13 is divided by q?
5
Let c = 14 - 9. Suppose -5*f + 50 = -3*f - 4*p, p + c = 0. What is the remainder when 44 is divided by f?
14
Calculate the remainder when (-1)/(-3) - 120/(-18) is divided by 4/(-10) + 44/10.
3
What is the remainder when 3/2*(40 - 12) is divided by 15?
12
Let d(f) = 6*f**2 + 3*f. Suppose -t + 22 - 5 = 0. What is the remainder when d(2) is divided by t?
13
Let q = 33 + -26. Let o(z) = -z**3 - 2*z**2 - z + 1. What is the remainder when o(-3) is divided by q?
6
Let j(i) = i**2 - i + 2. Let a(v) = -5*v - 1. Let s be a(-6). Suppose -s = 2*f - 3*f + 5*g, -5*f - 4*g = -58. Calculate the remainder when f is divided by j(2).
2
Suppose 0 = 10*h - 266 - 114. What is the remainder when h is divided by 10?
8
Suppose -4 - 2 = -2*b, 4*f - b - 57 = 0. Suppose 3*p - 75 = -f. What is the remainder when 38 is divided by p?
18
Let g = 8 + -2. Let m be 884/7 + 22/(-77). What is the remainder when g is divided by m/33 + (-2)/(-11)?
2
Suppose -4*v + 0*b + 34 = b, -2*v = 2*b - 20. Let i = 11 + -7. Suppose -5*d = g - 5, -50 = -i*g - 11*d + 6*d. Calculate the remainder when g is divided by v.
7
Suppose -20 = 5*k, a - 11 = -2*k + 16. What is the remainder when a is divided by 19?
16
Let n(s) = -s**3 + 7*s**2 - 7*s + 7. Suppose h - 3*o = 9 + 2, 3*h = 2*o + 12. Calculate the remainder when h is divided by n(6).
0
Let c(z) = z**2 + 9*z - 9. What is the remainder when c(-11) is divided by 4?
1
Suppo